base 12) to base 15.
12776
What is -3463 (base 8) in base 14?
-959
10208 (base 13) to base 10
28907
2531 (base 7) to base 2
1110111001
Convert 204441 (base 5) to base 8.
15327
Convert -4920 (base 13) to base 7.
-42063
What is 1168 (base 9) in base 8?
1550
Convert 10da (base 15) to base 13.
1825
Convert -3648 (base 15) to base 3.
-120211112
-45 (base 15) to base 16
-41
Convert -12e (base 15) to base 11.
-225
What is adc (base 15) in base 9?
3330
What is 34a03 (base 12) in base 11?
49019
Convert -1000000010001 (base 2) to base 11.
-30aa
-6a8 (base 13) to base 8
-2200
What is -9674 (base 11) in base 7?
-52164
-1002233 (base 5) to base 14
-5b4b
What is 10011000111011 (base 2) in base 3?
111102111
41604 (base 7) to base 5
311440
Convert -116462 (base 7) to base 8.
-52002
What is 5d42 (base 15) in base 2?
100110110010110
What is -1001100111 (base 2) in base 6?
-2503
496 (base 12) to base 3
221120
-24304 (base 5) to base 13
-aa9
-375a (base 11) to base 4
-1030221
Convert -11003 (base 5) to base 14.
-3bb
What is -b18 (base 13) in base 6?
-12412
-403135 (base 6) to base 15
-965b
-2b2 (base 14) to base 4
-20210
Convert -1bb (base 14) to base 5.
-2421
10001012 (base 3) to base 5
32334
Convert 27bd (base 14) to base 5.
211102
-10010311 (base 5) to base 16
-133ef
What is 370 (base 15) in base 13?
480
What is a82 (base 13) in base 3?
2110112
585d (base 14) to base 6
155055
Convert 23234 (base 6) to base 10.
3334
What is 40b (base 13) in base 12?
493
-492 (base 11) to base 5
-4320
Convert -35116 (base 7) to base 13.
-411a
What is -570 (base 14) in base 4?
-100312
100431 (base 5) to base 8
6251
Convert -10150 (base 7) to base 10.
-2485
-1020021120 (base 3) to base 6
-304153
Convert 49127 (base 10) to base 8.
137747
What is 3132211 (base 5) in base 12?
26245
Convert 223d (base 16) to base 6.
104325
What is -10110011111 (base 2) in base 14?
-74b
Convert 1475 (base 10) to base 8.
2703
What is 10233112 (base 4) in base 11?
1364a
16122 (base 10) to base 14
5c38
-66031 (base 7) to base 15
-4d41
3071 (base 9) to base 7
6364
Convert -50b (base 13) to base 2.
-1101011000
Convert 6513 (base 7) to base 8.
4411
What is -31555 (base 6) in base 11?
-3277
What is 3331 (base 4) in base 8?
375
Convert -8ef (base 16) to base 6.
-14331
3412 (base 13) to base 5
213112
Convert -19443 (base 13) to base 4.
-23332221
What is a0 (base 16) in base 15?
aa
-1403 (base 5) to base 12
-170
What is 1011212 (base 3) in base 12?
5b8
Convert 441 (base 15) to base 14.
4c9
What is 121311 (base 4) in base 2?
11001110101
-20b9 (base 14) to base 9
-7668
1610 (base 7) to base 6
2552
What is -1592 (base 15) in base 8?
-11035
What is 2211001 (base 4) in base 12?
6141
Convert -1100001000010 (base 2) to base 5.
-144320
1110 (base 9) to base 13
4b0
Convert 1031 (base 5) to base 3.
12020
Convert -202aa (base 11) to base 14.
-ab36
-4000244 (base 5) to base 15
-13819
What is a20 (base 12) in base 6?
10440
-2 (base 3) to base 6
-2
-212002 (base 3) to base 9
-762
What is 10001110110011 (base 2) in base 9?
13474
Convert 200120 (base 3) to base 9.
616
111101110110110 (base 2) to base 6
402342
What is 137a (base 14) in base 13?
1748
What is -21331 (base 4) in base 8?
-1175
1441 (base 8) to base 4
30201
What is 14223 (base 5) in base 14?
60c
Convert -412 (base 11) to base 8.
-761
1715 (base 11) to base 13
cca
24531 (base 7) to base 16
1929
What is -17b9a (base 15) in base 8?
-226106
-24322 (base 6) to base 3
-11220112
Convert 112df (base 16) to base 12.
3487b
Convert 876 (base 9) to base 5.
10332
What is -1651 (base 11) in base 10?
-2113
Convert -10100001101011 (base 2) to base 4.
-2201223
-561 (base 15) to base 3
-1200001
-111000001011 (base 2) to base 14
-144b
Convert -21220 (base 3) to base 4.
-3111
What is -4100 (base 7) in base 12?
-9a5
Convert 112100021 (base 3) to base 12.
6074
111344 (base 5) to base 4
332012
-a330 (base 12) to base 4
-10111110
Convert -114523 (base 6) to base 15.
-3006
4989 (base 10) to base 6
35033
Convert 1201321 (base 4) to base 3.
22121001
Convert -4233 (base 5) to base 4.
-20320
357 (base 10) to base 8
545
What is -27025 (base 8) in base 16?
-2e15
11321 (base 4) to base 11
313
What is -200121 (base 3) in base 10?
-502
-2b3 (base 13) to base 5
-3414
Convert 62f4 (base 16) to base 11.
1803a
Convert 504 (base 8) to base 6.
1300
Convert 63160 (base 7) to base 2.
11110010100110
What is -210101 (base 3) in base 5?
-4302
What is -452313 (base 6) in base 10?
-38133
-6724 (base 8) to base 12
-2070
Convert -11302 (base 10) to base 14.
-4194
What is 4010 (base 5) in base 9?
621
Convert -2562 (base 9) to base 6.
-12515
-2101001 (base 4) to base 6
-110545
Convert -32132 (base 4) to base 11.
-772
22c (base 13) to base 8
570
What is -1c7 (base 14) in base 5?
-2441
4328 (base 15) to base 11
a751
a16 (base 15) to base 3
10010010
454 (base 6) to base 13
109
What is 125001 (base 7) in base 15?
6da0
What is -da1 (base 14) in base 15?
-be4
Convert 1495 (base 10) to base 3.
2001101
Convert -4201 (base 5) to base 8.
-1047
What is -112012 (base 5) in base 7?
-14453
9 (base 10) to base 13
9
What is -77482 (base 9) in base 2?
-1100100011100100
8113 (base 11) to base 13
4ba6
What is -641 (base 14) in base 10?
-1233
What is -4aab (base 14) in base 16?
-331f
1104342 (base 6) to base 2
1101100010000110
-15936 (base 12) to base 10
-30714
-374 (base 14) to base 3
-221120
-311115 (base 6) to base 12
-1249b
What is 38983 (base 11) in base 15?
117bb
1102111 (base 3) to base 2
10000001111
a80b (base 12) to base 8
44013
Convert -744 (base 11) to base 10.
-895
-25474 (base 11) to base 16
-8e96
132112 (base 7) to base 4
12002302
What is 470 (base 16) in base 13?
695
490a (base 11) to base 13
2c01
-1432 (base 6) to base 9
-462
What is 1493 (base 14) in base 3?
12000110
1119 (base 12) to base 8
3545
What is 2363 (base 9) in base 4?
123132
-519 (base 12) to base 15
-346
Convert 7139 (base 10) to base 9.
10712
What is 13023 (base 6) in base 12?
1173
Convert de (base 15) to base 9.
252
Convert 231101 (base 4) to base 8.
5521
Convert 767 (base 15) to base 7.
4606
What is 30222 (base 4) in base 7?
2235
-f970 (base 16) to base 13
-230b0
Convert 487 (base 10) to base 3.
200001
What is -11503 (base 9) in base 7?
-31305
Convert -34049 (base 12) to base 3.
-10111220010
Convert 13603 (base 7) to base 5.
104402
What is 14034 (base 7) in base 4?
323112
What is 91 (base 10) in base 4?
1123
351 (base 8) to base 7
452
What is 202032 (base 5) in base 10?
6517
Convert 3404 (base 6) to base 12.
564
3744 (base 9) to base 5
42134
Convert -1e (base 15) to base 16.
-1d
166 (base 14) to base 13
190
Convert 455 (base 11) to base 13.
32b
-30232123 (base 4) to base 7
-304651
-12001 (base 4) to base 12
-281
Convert 10100100101 (base 2) to base 4.
110211
What is -4d20 (base 14) in base 16?
-34f0
Convert -39a (base 11) to base 12.
-334
547 (base 8) to base 3
111022
What is 5c3 (base 13) in base 6?
4352
What is 12477 (base 9) in base 12?
4a51
Convert -53450 (base 6) to base 10.
-7302
Convert 1202204 (base 5) to base 2.
101011010100011
22102 (base 3) to base 11
197
453340 (base 6) to base 4
21113130
What is 1875 (base 10) in base 2?
11101010011
Convert 9dc (base 16) to base 12.
1564
What is -ba3c (base 13) in base 3?
-1022112120
Convert -23ca (base 14) to base 10.
-6254
-21013303 (base 4) to base 14
-d88b
2716 (base 8) to base 4
113032
Convert -111101000001 (base 2) to base 7.
-14246
221122002 (base 3) to base 4
10203332
-384 (base 9) to base 13
-1b7
Convert -261160 (base 7) to base 3.
-2110110121
What is -220110 (base 3) in base 7?
-1632
What is -20b73 (base 12) in base 5?
-2340033
-11669 (base 11) to base 9
-25006
Convert -422a (base 13) to base 3.
-110120100
What is -5cb0 (base 13) in base 9?
-20037
What is 21313 (base 5) in base 14?
762
What is -146 (base 9) in base 11?
-102
Convert -2225 (base 7) to base 9.
-1082
1010101101110 (base 2) to base 7
21665
What is -25c2 (base 13) in base 7?
-21510
Convert 62 (base 16) to base 12.
82
What is 100101101 (base 2) in base 6?
1221
Convert -1122201 (base 3) to base 14.
-623
What is c11 (base 13) in base 3?
2210122
Convert -12c (base 13) to base 3.
-21200
What is 10322331 (base 4) in base 3?
1000122120
227 (base 9) to base 11
160
1101100001 (base 2) to base 13
517
What is -4417 (base 9) in base 14?
-1288
Co